{"id":2812,"date":"2014-11-28T15:31:54","date_gmt":"2014-11-28T15:31:54","guid":{"rendered":"http:\/\/catalunyaparkhotels.com\/HCP\/?page_id=2812"},"modified":"2024-04-26T07:39:06","modified_gmt":"2024-04-26T07:39:06","slug":"habitacions2","status":"publish","type":"page","link":"https:\/\/catalunyaparkhotels.com\/HCP\/habitacions2\/","title":{"rendered":"Habitacions2"},"content":{"rendered":"<h2 id=\"block-37b6b85a-f8ce-4360-b5a6-8fbfaaffd157\" class=\"block-editor-rich-text__editable block-editor-block-list__block wp-block is-selected rich-text\" tabindex=\"0\" role=\"group\" aria-multiline=\"true\" aria-label=\"Bloque: Encabezado\" data-block=\"37b6b85a-f8ce-4360-b5a6-8fbfaaffd157\" data-type=\"core\/heading\" data-title=\"Encabezado\" contenteditable=\"true\"><strong><span class=\"has-inline-color has-black-color\" data-rich-text-format-boundary=\"true\">Doble<\/span><\/strong><del><\/del><\/h2>\n<p><span style=\"font-size: inherit;\">Habitaci\u00f3 per a 2 persones amb dos llits individuals o b\u00e9 llit doble. Disposen de:<\/span><\/p>\n<div align=\"left\">\n<ul>\n<li>Llit de matrimoni o dos llits individuals junts<\/li>\n<li>TV plana<\/li>\n<li>Bany complet: la majoria amb banyera, algunes habitacions amb plat de dutxa, gel, sab\u00f3, tovalloles i assecador.<\/li>\n<li>Wifi gratu\u00efta<\/li>\n<li>Calefacci\u00f3 Armari i taula d&#8217;escriptori<\/li>\n<li>Bressol gratu\u00eft a petici\u00f3<\/li>\n<\/ul>\n<p>Hi ha 3 categories d&#8217;habitaci\u00f3 doble:<\/p>\n<\/div>\n\n\n<div class=\"wp-block-group\"><div class=\"wp-block-group__inner-container is-layout-flow wp-block-group-is-layout-flow\">\n<div class=\"wp-block-group\"><div class=\"wp-block-group__inner-container is-layout-flow wp-block-group-is-layout-flow\">\n<div class=\"wp-block-group\"><div class=\"wp-block-group__inner-container is-layout-flow wp-block-group-is-layout-flow\">\n<figure class=\"wp-block-gallery columns-3 is-cropped wp-block-gallery-1 is-layout-flex wp-block-gallery-is-layout-flex\"><ul class=\"blocks-gallery-grid\"><li class=\"blocks-gallery-item\"><figure><img decoding=\"async\" data-src=\"http:\/\/catalunyaparkhotels.com\/HCP\/wp-content\/uploads\/2020\/01\/Hotel-Catalunya-Park.-Habitaci\u00f3-doble-sense-terrassa-109-1024x683.jpg\" alt=\"\" data-id=\"3515\" class=\"wp-image-3515 lazyload\" src=\"data:image\/gif;base64,R0lGODlhAQABAAAAACH5BAEKAAEALAAAAAABAAEAAAICTAEAOw==\" style=\"--smush-placeholder-width: 1024px; --smush-placeholder-aspect-ratio: 1024\/683;\" \/><figcaption class=\"blocks-gallery-item__caption\">Sense terrassa<\/figcaption><\/figure><\/li><li class=\"blocks-gallery-item\"><figure><img decoding=\"async\" data-src=\"http:\/\/catalunyaparkhotels.com\/HCP\/wp-content\/uploads\/2020\/01\/MG_6302-1024x683.jpg\" alt=\"\" data-id=\"3517\" data-full-url=\"http:\/\/catalunyaparkhotels.com\/HCP\/wp-content\/uploads\/2020\/01\/MG_6302.jpg\" data-link=\"http:\/\/catalunyaparkhotels.com\/HCP\/habitacions\/mg_6302\/#main\" class=\"wp-image-3517 lazyload\" src=\"data:image\/gif;base64,R0lGODlhAQABAAAAACH5BAEKAAEALAAAAAABAAEAAAICTAEAOw==\" style=\"--smush-placeholder-width: 1024px; --smush-placeholder-aspect-ratio: 1024\/683;\" \/><figcaption class=\"blocks-gallery-item__caption\">Amb terrassa<\/figcaption><\/figure><\/li><li class=\"blocks-gallery-item\"><figure><img decoding=\"async\" data-src=\"http:\/\/catalunyaparkhotels.com\/HCP\/wp-content\/uploads\/2020\/01\/superior-vistes-a-fora-1-1024x577.jpg\" alt=\"\" data-id=\"3518\" data-full-url=\"http:\/\/catalunyaparkhotels.com\/HCP\/wp-content\/uploads\/2020\/01\/superior-vistes-a-fora-1.jpg\" data-link=\"http:\/\/catalunyaparkhotels.com\/HCP\/habitacions\/superior-vistes-a-fora-1\/#main\" class=\"wp-image-3518 lazyload\" src=\"data:image\/gif;base64,R0lGODlhAQABAAAAACH5BAEKAAEALAAAAAABAAEAAAICTAEAOw==\" style=\"--smush-placeholder-width: 1024px; --smush-placeholder-aspect-ratio: 1024\/577;\" \/><figcaption class=\"blocks-gallery-item__caption\">Superior<\/figcaption><\/figure><\/li><\/ul><\/figure>\n<\/div><\/div>\n<\/div><\/div>\n<\/div><\/div>\n\n\n\n<div class=\"wp-block-columns is-layout-flex wp-container-core-columns-is-layout-1 wp-block-columns-is-layout-flex\">\n<div class=\"wp-block-column is-layout-flow wp-block-column-is-layout-flow\">\n<p class=\"has-text-align-center\">Amb finestra i vistes a la muntanya i a l&#8217;entorn de Ribes de Freser. <\/p>\n<\/div>\n\n\n\n<div class=\"wp-block-column is-layout-flow wp-block-column-is-layout-flow\">\n<p class=\"has-text-align-center\">La terrassa te vistes a jard\u00ed, la piscina i la muntanya. <\/p>\n<\/div>\n\n\n\n<div class=\"wp-block-column is-layout-flow wp-block-column-is-layout-flow\">\n<p class=\"has-text-align-center\">habitacions m\u00e9s amples, molt tranquil\u00b7les i la terrassa te vistes a jard\u00ed, la piscina i la muntanya.  <\/p>\n<\/div>\n<\/div>\n\n\n\n<h2 class=\"wp-block-heading\"><strong><span class=\"has-inline-color has-black-color\">Triple<\/span><\/strong><\/h2>\n\n\n\n<p>Habitaci\u00f3 preparada per a 2 adults + 1 nen \/ a o per a tres adults.<\/p>\n\n\n\n<p>Disposen de: -Llit de matrimoni + un llit individual o b\u00e9 tres llits individuals<\/p>\n\n\n\n<ul class=\"wp-block-list\"><li>TV plana<\/li><li>Bany complet: la majoria amb banyera, algunes habitacions amb plat de dutxa, gel, sab\u00f3, tovalloles i assecador<\/li><li>WIFI gratu\u00efta<\/li><li>Calefacci\u00f3<\/li><li>Armari i taula d&#8217;escriptori<\/li><li>Bressol gratu\u00eft a petici\u00f3<\/li><\/ul>\n\n\n\n<p>Hi ha dos categories d&#8217;habitaci\u00f3 triple:<\/p>\n\n\n\n<div class=\"wp-block-columns is-layout-flex wp-container-core-columns-is-layout-2 wp-block-columns-is-layout-flex\"><\/div>\n\n\n\n<figure class=\"wp-block-gallery columns-2 is-cropped wp-block-gallery-2 is-layout-flex wp-block-gallery-is-layout-flex\"><ul class=\"blocks-gallery-grid\"><li class=\"blocks-gallery-item\"><figure><img fetchpriority=\"high\" decoding=\"async\" width=\"1024\" height=\"512\" src=\"http:\/\/catalunyaparkhotels.com\/HCP\/wp-content\/uploads\/2014\/12\/Hotel-Catalunya-Park-habitaci\u00f3-sense-terrassa-triple.jpg\" alt=\"\" data-id=\"2885\" data-link=\"http:\/\/catalunyaparkhotels.com\/HCP\/hotel-catalunya-park-habitacio-sense-terrassa-triple\/\" class=\"wp-image-2885\" srcset=\"https:\/\/catalunyaparkhotels.com\/HCP\/wp-content\/uploads\/2014\/12\/Hotel-Catalunya-Park-habitaci\u00f3-sense-terrassa-triple.jpg 1024w, https:\/\/catalunyaparkhotels.com\/HCP\/wp-content\/uploads\/2014\/12\/Hotel-Catalunya-Park-habitaci\u00f3-sense-terrassa-triple-300x150.jpg 300w\" sizes=\"(max-width: 1024px) 100vw, 1024px\" \/><figcaption class=\"blocks-gallery-item__caption\">Sense terrassa<\/figcaption><\/figure><\/li><li class=\"blocks-gallery-item\"><figure><img decoding=\"async\" width=\"1024\" height=\"512\" data-src=\"http:\/\/catalunyaparkhotels.com\/HCP\/wp-content\/uploads\/2014\/12\/Hotel-Catalunya-Park-habitaci\u00f3-triple-amb-terrassa-P202.jpg\" alt=\"\" data-id=\"2886\" data-link=\"http:\/\/catalunyaparkhotels.com\/HCP\/hotel-catalunya-park-habitacio-triple-amb-terrassa-p202\/\" class=\"wp-image-2886 lazyload\" data-srcset=\"https:\/\/catalunyaparkhotels.com\/HCP\/wp-content\/uploads\/2014\/12\/Hotel-Catalunya-Park-habitaci\u00f3-triple-amb-terrassa-P202.jpg 1024w, https:\/\/catalunyaparkhotels.com\/HCP\/wp-content\/uploads\/2014\/12\/Hotel-Catalunya-Park-habitaci\u00f3-triple-amb-terrassa-P202-300x150.jpg 300w\" data-sizes=\"(max-width: 1024px) 100vw, 1024px\" src=\"data:image\/gif;base64,R0lGODlhAQABAAAAACH5BAEKAAEALAAAAAABAAEAAAICTAEAOw==\" style=\"--smush-placeholder-width: 1024px; --smush-placeholder-aspect-ratio: 1024\/512;\" \/><figcaption class=\"blocks-gallery-item__caption\">Amb terrassa<\/figcaption><\/figure><\/li><\/ul><\/figure>\n\n\n\n<div class=\"wp-block-columns is-layout-flex wp-container-core-columns-is-layout-3 wp-block-columns-is-layout-flex\">\n<div class=\"wp-block-column is-layout-flow wp-block-column-is-layout-flow\">\n<p class=\"has-text-align-center\"> La finestra te vistes a la muntanya i a l&#8217;entorn de Ribes de Freser.  <\/p>\n<\/div>\n\n\n\n<div class=\"wp-block-column is-layout-flow wp-block-column-is-layout-flow\">\n<p class=\"has-text-align-center\">La terrassa te vistes a jard\u00ed, la piscina i la muntanya.  <\/p>\n<\/div>\n<\/div>\n\n\n<h1>&nbsp;<\/h1>\n<h1><strong>Qu\u00e0druple<\/strong><\/h1>\n<p>Habitaci\u00f3 ideal per a dos adults i dos nens. Disposen de:<\/p>\n<ul>\n<li>Llit de matrimoni + dos llits individuals o b\u00e9 quatre llits individuals<\/li>\n<li>TV plana<\/li>\n<li>Bany complet: la majoria amb banyera, algunes habitacions amb plat de dutxa, gel, sab\u00f3, tovalloles i assecador<\/li>\n<li>Wifi gratu\u00efta<\/li>\n<li>Calefacci\u00f3<\/li>\n<li>Armari i taula d&#8217;escriptori<\/li>\n<li>Bressol gratu\u00eft a petici\u00f3<\/li>\n<\/ul>\n<p>Ha 2 categories d&#8217;habitaci\u00f3 qu\u00e0druple:<\/p>\n\n\n<div class=\"wp-block-group\"><div class=\"wp-block-group__inner-container is-layout-flow wp-block-group-is-layout-flow\">\n<div class=\"wp-block-group\"><div class=\"wp-block-group__inner-container is-layout-flow wp-block-group-is-layout-flow\">\n<div class=\"wp-block-group\"><div class=\"wp-block-group__inner-container is-layout-flow wp-block-group-is-layout-flow\">\n<figure class=\"wp-block-gallery columns-2 is-cropped wp-block-gallery-3 is-layout-flex wp-block-gallery-is-layout-flex\"><ul class=\"blocks-gallery-grid\"><li class=\"blocks-gallery-item\"><figure><img decoding=\"async\" width=\"1024\" height=\"682\" data-src=\"http:\/\/catalunyaparkhotels.com\/HCP\/wp-content\/uploads\/2015\/03\/Habitaci\u00f3-triple-1024x682.jpg\" alt=\"\" data-id=\"3053\" data-full-url=\"http:\/\/catalunyaparkhotels.com\/HCP\/wp-content\/uploads\/2015\/03\/Habitaci\u00f3-triple.jpg\" data-link=\"http:\/\/catalunyaparkhotels.com\/HCP\/habitacio-triple\/\" class=\"wp-image-3053 lazyload\" data-srcset=\"https:\/\/catalunyaparkhotels.com\/HCP\/wp-content\/uploads\/2015\/03\/Habitaci\u00f3-triple-1024x682.jpg 1024w, https:\/\/catalunyaparkhotels.com\/HCP\/wp-content\/uploads\/2015\/03\/Habitaci\u00f3-triple-300x200.jpg 300w, https:\/\/catalunyaparkhotels.com\/HCP\/wp-content\/uploads\/2015\/03\/Habitaci\u00f3-triple-290x193.jpg 290w, https:\/\/catalunyaparkhotels.com\/HCP\/wp-content\/uploads\/2015\/03\/Habitaci\u00f3-triple-216x143.jpg 216w, https:\/\/catalunyaparkhotels.com\/HCP\/wp-content\/uploads\/2015\/03\/Habitaci\u00f3-triple.jpg 1200w\" data-sizes=\"(max-width: 1024px) 100vw, 1024px\" src=\"data:image\/gif;base64,R0lGODlhAQABAAAAACH5BAEKAAEALAAAAAABAAEAAAICTAEAOw==\" style=\"--smush-placeholder-width: 1024px; --smush-placeholder-aspect-ratio: 1024\/682;\" \/><figcaption class=\"blocks-gallery-item__caption\">Sense terrassa<\/figcaption><\/figure><\/li><li class=\"blocks-gallery-item\"><figure><img decoding=\"async\" width=\"1024\" height=\"682\" data-src=\"http:\/\/catalunyaparkhotels.com\/HCP\/wp-content\/uploads\/2014\/11\/Habitaci\u00f3-qu\u00e0druble-1024x682.jpg\" alt=\"\" data-id=\"3054\" data-full-url=\"http:\/\/catalunyaparkhotels.com\/HCP\/wp-content\/uploads\/2014\/11\/Habitaci\u00f3-qu\u00e0druble.jpg\" data-link=\"http:\/\/catalunyaparkhotels.com\/HCP\/galleries\/habitacions-2\/habitacio-quadruble\/#main\" class=\"wp-image-3054 lazyload\" data-srcset=\"https:\/\/catalunyaparkhotels.com\/HCP\/wp-content\/uploads\/2014\/11\/Habitaci\u00f3-qu\u00e0druble-1024x682.jpg 1024w, https:\/\/catalunyaparkhotels.com\/HCP\/wp-content\/uploads\/2014\/11\/Habitaci\u00f3-qu\u00e0druble-300x200.jpg 300w, https:\/\/catalunyaparkhotels.com\/HCP\/wp-content\/uploads\/2014\/11\/Habitaci\u00f3-qu\u00e0druble-290x193.jpg 290w, https:\/\/catalunyaparkhotels.com\/HCP\/wp-content\/uploads\/2014\/11\/Habitaci\u00f3-qu\u00e0druble-216x143.jpg 216w, https:\/\/catalunyaparkhotels.com\/HCP\/wp-content\/uploads\/2014\/11\/Habitaci\u00f3-qu\u00e0druble.jpg 1200w\" data-sizes=\"(max-width: 1024px) 100vw, 1024px\" src=\"data:image\/gif;base64,R0lGODlhAQABAAAAACH5BAEKAAEALAAAAAABAAEAAAICTAEAOw==\" style=\"--smush-placeholder-width: 1024px; --smush-placeholder-aspect-ratio: 1024\/682;\" \/><figcaption class=\"blocks-gallery-item__caption\">Amb terrassa<\/figcaption><\/figure><\/li><\/ul><\/figure>\n<\/div><\/div>\n<\/div><\/div>\n<\/div><\/div>\n\n\n\n<div class=\"wp-block-columns is-layout-flex wp-container-core-columns-is-layout-4 wp-block-columns-is-layout-flex\">\n<div class=\"wp-block-column is-layout-flow wp-block-column-is-layout-flow\">\n<p class=\"has-text-align-center\">La finestra te vistes a la muntanya i a l&#8217;entorn de Ribes de Freser. <\/p>\n<\/div>\n\n\n\n<div class=\"wp-block-column is-layout-flow wp-block-column-is-layout-flow\">\n<p class=\"has-text-align-center\"> La terrassa te vistes al jard\u00ed i a la piscina o la muntanya. <\/p>\n<\/div>\n<\/div>\n\n\n<h1>&nbsp;<\/h1>\n<h1><strong>Doble d&#8217;us individual<\/strong><\/h1>\n<p>Habitaci\u00f3 per a 1 persona amb dos llits individuals o b\u00e9 llit doble.<\/p>\n<p>Disposen de:<\/p>\n<ul>\n<li>Llit de matrimoni o dos llits individuals<\/li>\n<li>TV plana<\/li>\n<li>Bany complet: la majoria amb banyera, algunes habitacions amb plat de dutxa, gel, sab\u00f3, tovalloles i assecador<\/li>\n<li>Wifi gratu\u00efta<\/li>\n<li>Calefacci\u00f3<\/li>\n<li>Armari i taula d&#8217;escriptori<\/li>\n<\/ul>\n\n\n<div class=\"wp-block-group\"><div class=\"wp-block-group__inner-container is-layout-flow wp-block-group-is-layout-flow\">\n<div class=\"wp-block-group\"><div class=\"wp-block-group__inner-container is-layout-flow wp-block-group-is-layout-flow\">\n<div class=\"wp-block-group\"><div class=\"wp-block-group__inner-container is-layout-flow wp-block-group-is-layout-flow\">\n<figure class=\"wp-block-gallery columns-2 is-cropped wp-block-gallery-4 is-layout-flex wp-block-gallery-is-layout-flex\"><ul class=\"blocks-gallery-grid\"><li class=\"blocks-gallery-item\"><figure><img decoding=\"async\" data-src=\"http:\/\/catalunyaparkhotels.com\/HCP\/wp-content\/uploads\/2020\/01\/IMG_6506-1-1024x683.jpg\" alt=\"\" data-id=\"3605\" data-link=\"http:\/\/catalunyaparkhotels.com\/HCP\/habitacions\/img_6506-1\/#main\" class=\"wp-image-3605 lazyload\" src=\"data:image\/gif;base64,R0lGODlhAQABAAAAACH5BAEKAAEALAAAAAABAAEAAAICTAEAOw==\" style=\"--smush-placeholder-width: 1024px; --smush-placeholder-aspect-ratio: 1024\/683;\" \/><figcaption class=\"blocks-gallery-item__caption\">habitaci\u00f3 individual<\/figcaption><\/figure><\/li><li class=\"blocks-gallery-item\"><figure><img decoding=\"async\" data-src=\"http:\/\/catalunyaparkhotels.com\/HCP\/wp-content\/uploads\/2020\/01\/IMG_6510-1024x683.jpg\" alt=\"\" data-id=\"3607\" data-full-url=\"http:\/\/catalunyaparkhotels.com\/HCP\/wp-content\/uploads\/2020\/01\/IMG_6510.jpg\" data-link=\"http:\/\/catalunyaparkhotels.com\/HCP\/habitacions\/img_6510\/#main\" class=\"wp-image-3607 lazyload\" src=\"data:image\/gif;base64,R0lGODlhAQABAAAAACH5BAEKAAEALAAAAAABAAEAAAICTAEAOw==\" style=\"--smush-placeholder-width: 1024px; --smush-placeholder-aspect-ratio: 1024\/683;\" \/><\/figure><\/li><\/ul><\/figure>\n<\/div><\/div>\n<\/div><\/div>\n<\/div><\/div>\n\n\n\n<p class=\"has-text-align-center\"> Les habitacions dobles d&#8217;\u00fas individual totes son amb finestra amb vistes al jard\u00ed o a la muntanya. <\/p>\n","protected":false},"excerpt":{"rendered":"<p>Doble Habitaci\u00f3 per a 2 persones amb dos llits individuals o b\u00e9 llit doble. Disposen de: Llit de matrimoni o dos llits individuals junts TV plana Bany complet: la majoria amb banyera, algunes habitacions amb plat de dutxa, gel, sab\u00f3, tovalloles i assecador. Wifi gratu\u00efta Calefacci\u00f3 Armari i taula d&#8217;escriptori Bressol gratu\u00eft a petici\u00f3 Hi [&hellip;]<\/p>\n","protected":false},"author":1,"featured_media":0,"parent":0,"menu_order":0,"comment_status":"open","ping_status":"closed","template":"page-templates\/shortcodes.php","meta":{"ngg_post_thumbnail":0,"footnotes":""},"class_list":["post-2812","page","type-page","status-publish","hentry"],"yoast_head":"<!-- This site is optimized with the Yoast SEO plugin v24.5 - https:\/\/yoast.com\/wordpress\/plugins\/seo\/ -->\n<title>Habitacions2 - Hotel Catalunya Park<\/title>\n<meta name=\"robots\" content=\"index, follow, max-snippet:-1, max-image-preview:large, max-video-preview:-1\" \/>\n<link rel=\"canonical\" href=\"https:\/\/catalunyaparkhotels.com\/HCP\/habitacions2\/\" \/>\n<meta property=\"og:locale\" content=\"es_ES\" \/>\n<meta property=\"og:type\" content=\"article\" \/>\n<meta property=\"og:title\" content=\"Habitacions2 - Hotel Catalunya Park\" \/>\n<meta property=\"og:description\" content=\"Doble Habitaci\u00f3 per a 2 persones amb dos llits individuals o b\u00e9 llit doble. Disposen de: Llit de matrimoni o dos llits individuals junts TV plana Bany complet: la majoria amb banyera, algunes habitacions amb plat de dutxa, gel, sab\u00f3, tovalloles i assecador. Wifi gratu\u00efta Calefacci\u00f3 Armari i taula d&#8217;escriptori Bressol gratu\u00eft a petici\u00f3 Hi [&hellip;]\" \/>\n<meta property=\"og:url\" content=\"https:\/\/catalunyaparkhotels.com\/HCP\/habitacions2\/\" \/>\n<meta property=\"og:site_name\" content=\"Hotel Catalunya Park\" \/>\n<meta property=\"article:modified_time\" content=\"2024-04-26T07:39:06+00:00\" \/>\n<meta property=\"og:image\" content=\"http:\/\/catalunyaparkhotels.com\/HCP\/wp-content\/uploads\/2020\/01\/MG_6302-1024x683.jpg\" \/>\n<meta name=\"twitter:label1\" content=\"Tiempo de lectura\" \/>\n\t<meta name=\"twitter:data1\" content=\"4 minutos\" \/>\n<script type=\"application\/ld+json\" class=\"yoast-schema-graph\">{\"@context\":\"https:\/\/schema.org\",\"@graph\":[{\"@type\":\"WebPage\",\"@id\":\"https:\/\/catalunyaparkhotels.com\/HCP\/habitacions2\/\",\"url\":\"https:\/\/catalunyaparkhotels.com\/HCP\/habitacions2\/\",\"name\":\"Habitacions2 - Hotel Catalunya Park\",\"isPartOf\":{\"@id\":\"https:\/\/catalunyaparkhotels.com\/HCP\/#website\"},\"primaryImageOfPage\":{\"@id\":\"https:\/\/catalunyaparkhotels.com\/HCP\/habitacions2\/#primaryimage\"},\"image\":{\"@id\":\"https:\/\/catalunyaparkhotels.com\/HCP\/habitacions2\/#primaryimage\"},\"thumbnailUrl\":\"http:\/\/catalunyaparkhotels.com\/HCP\/wp-content\/uploads\/2020\/01\/MG_6302-1024x683.jpg\",\"datePublished\":\"2014-11-28T15:31:54+00:00\",\"dateModified\":\"2024-04-26T07:39:06+00:00\",\"breadcrumb\":{\"@id\":\"https:\/\/catalunyaparkhotels.com\/HCP\/habitacions2\/#breadcrumb\"},\"inLanguage\":\"es\",\"potentialAction\":[{\"@type\":\"ReadAction\",\"target\":[\"https:\/\/catalunyaparkhotels.com\/HCP\/habitacions2\/\"]}]},{\"@type\":\"ImageObject\",\"inLanguage\":\"es\",\"@id\":\"https:\/\/catalunyaparkhotels.com\/HCP\/habitacions2\/#primaryimage\",\"url\":\"http:\/\/catalunyaparkhotels.com\/HCP\/wp-content\/uploads\/2020\/01\/MG_6302-1024x683.jpg\",\"contentUrl\":\"http:\/\/catalunyaparkhotels.com\/HCP\/wp-content\/uploads\/2020\/01\/MG_6302-1024x683.jpg\"},{\"@type\":\"BreadcrumbList\",\"@id\":\"https:\/\/catalunyaparkhotels.com\/HCP\/habitacions2\/#breadcrumb\",\"itemListElement\":[{\"@type\":\"ListItem\",\"position\":1,\"name\":\"Portada\",\"item\":\"https:\/\/catalunyaparkhotels.com\/HCP\/\"},{\"@type\":\"ListItem\",\"position\":2,\"name\":\"Habitacions2\"}]},{\"@type\":\"WebSite\",\"@id\":\"https:\/\/catalunyaparkhotels.com\/HCP\/#website\",\"url\":\"https:\/\/catalunyaparkhotels.com\/HCP\/\",\"name\":\"Hotel Catalunya Park\",\"description\":\"Catalunya Park Hotels \u00b7 Hotels de Turisme familiar \u00b7 Vacances a la Vall de Ribes \u00b7 Excursions a Vall de N\u00faria. llocs web\",\"potentialAction\":[{\"@type\":\"SearchAction\",\"target\":{\"@type\":\"EntryPoint\",\"urlTemplate\":\"https:\/\/catalunyaparkhotels.com\/HCP\/?s={search_term_string}\"},\"query-input\":{\"@type\":\"PropertyValueSpecification\",\"valueRequired\":true,\"valueName\":\"search_term_string\"}}],\"inLanguage\":\"es\"}]}<\/script>\n<!-- \/ Yoast SEO plugin. -->","yoast_head_json":{"title":"Habitacions2 - Hotel Catalunya Park","robots":{"index":"index","follow":"follow","max-snippet":"max-snippet:-1","max-image-preview":"max-image-preview:large","max-video-preview":"max-video-preview:-1"},"canonical":"https:\/\/catalunyaparkhotels.com\/HCP\/habitacions2\/","og_locale":"es_ES","og_type":"article","og_title":"Habitacions2 - Hotel Catalunya Park","og_description":"Doble Habitaci\u00f3 per a 2 persones amb dos llits individuals o b\u00e9 llit doble. Disposen de: Llit de matrimoni o dos llits individuals junts TV plana Bany complet: la majoria amb banyera, algunes habitacions amb plat de dutxa, gel, sab\u00f3, tovalloles i assecador. Wifi gratu\u00efta Calefacci\u00f3 Armari i taula d&#8217;escriptori Bressol gratu\u00eft a petici\u00f3 Hi [&hellip;]","og_url":"https:\/\/catalunyaparkhotels.com\/HCP\/habitacions2\/","og_site_name":"Hotel Catalunya Park","article_modified_time":"2024-04-26T07:39:06+00:00","og_image":[{"url":"http:\/\/catalunyaparkhotels.com\/HCP\/wp-content\/uploads\/2020\/01\/MG_6302-1024x683.jpg","type":"","width":"","height":""}],"twitter_misc":{"Tiempo de lectura":"4 minutos"},"schema":{"@context":"https:\/\/schema.org","@graph":[{"@type":"WebPage","@id":"https:\/\/catalunyaparkhotels.com\/HCP\/habitacions2\/","url":"https:\/\/catalunyaparkhotels.com\/HCP\/habitacions2\/","name":"Habitacions2 - Hotel Catalunya Park","isPartOf":{"@id":"https:\/\/catalunyaparkhotels.com\/HCP\/#website"},"primaryImageOfPage":{"@id":"https:\/\/catalunyaparkhotels.com\/HCP\/habitacions2\/#primaryimage"},"image":{"@id":"https:\/\/catalunyaparkhotels.com\/HCP\/habitacions2\/#primaryimage"},"thumbnailUrl":"http:\/\/catalunyaparkhotels.com\/HCP\/wp-content\/uploads\/2020\/01\/MG_6302-1024x683.jpg","datePublished":"2014-11-28T15:31:54+00:00","dateModified":"2024-04-26T07:39:06+00:00","breadcrumb":{"@id":"https:\/\/catalunyaparkhotels.com\/HCP\/habitacions2\/#breadcrumb"},"inLanguage":"es","potentialAction":[{"@type":"ReadAction","target":["https:\/\/catalunyaparkhotels.com\/HCP\/habitacions2\/"]}]},{"@type":"ImageObject","inLanguage":"es","@id":"https:\/\/catalunyaparkhotels.com\/HCP\/habitacions2\/#primaryimage","url":"http:\/\/catalunyaparkhotels.com\/HCP\/wp-content\/uploads\/2020\/01\/MG_6302-1024x683.jpg","contentUrl":"http:\/\/catalunyaparkhotels.com\/HCP\/wp-content\/uploads\/2020\/01\/MG_6302-1024x683.jpg"},{"@type":"BreadcrumbList","@id":"https:\/\/catalunyaparkhotels.com\/HCP\/habitacions2\/#breadcrumb","itemListElement":[{"@type":"ListItem","position":1,"name":"Portada","item":"https:\/\/catalunyaparkhotels.com\/HCP\/"},{"@type":"ListItem","position":2,"name":"Habitacions2"}]},{"@type":"WebSite","@id":"https:\/\/catalunyaparkhotels.com\/HCP\/#website","url":"https:\/\/catalunyaparkhotels.com\/HCP\/","name":"Hotel Catalunya Park","description":"Catalunya Park Hotels \u00b7 Hotels de Turisme familiar \u00b7 Vacances a la Vall de Ribes \u00b7 Excursions a Vall de N\u00faria. llocs web","potentialAction":[{"@type":"SearchAction","target":{"@type":"EntryPoint","urlTemplate":"https:\/\/catalunyaparkhotels.com\/HCP\/?s={search_term_string}"},"query-input":{"@type":"PropertyValueSpecification","valueRequired":true,"valueName":"search_term_string"}}],"inLanguage":"es"}]}},"_links":{"self":[{"href":"https:\/\/catalunyaparkhotels.com\/HCP\/wp-json\/wp\/v2\/pages\/2812","targetHints":{"allow":["GET"]}}],"collection":[{"href":"https:\/\/catalunyaparkhotels.com\/HCP\/wp-json\/wp\/v2\/pages"}],"about":[{"href":"https:\/\/catalunyaparkhotels.com\/HCP\/wp-json\/wp\/v2\/types\/page"}],"author":[{"embeddable":true,"href":"https:\/\/catalunyaparkhotels.com\/HCP\/wp-json\/wp\/v2\/users\/1"}],"replies":[{"embeddable":true,"href":"https:\/\/catalunyaparkhotels.com\/HCP\/wp-json\/wp\/v2\/comments?post=2812"}],"version-history":[{"count":67,"href":"https:\/\/catalunyaparkhotels.com\/HCP\/wp-json\/wp\/v2\/pages\/2812\/revisions"}],"predecessor-version":[{"id":4820,"href":"https:\/\/catalunyaparkhotels.com\/HCP\/wp-json\/wp\/v2\/pages\/2812\/revisions\/4820"}],"wp:attachment":[{"href":"https:\/\/catalunyaparkhotels.com\/HCP\/wp-json\/wp\/v2\/media?parent=2812"}],"curies":[{"name":"wp","href":"https:\/\/api.w.org\/{rel}","templated":true}]}}