{"id":2814,"date":"2014-11-28T15:32:47","date_gmt":"2014-11-28T15:32:47","guid":{"rendered":"http:\/\/catalunyaparkhotels.com\/HCP\/?page_id=2814"},"modified":"2020-04-25T09:26:56","modified_gmt":"2020-04-25T09:26:56","slug":"instal%c2%b7lacions","status":"publish","type":"page","link":"https:\/\/catalunyaparkhotels.com\/HCP\/instal%c2%b7lacions\/","title":{"rendered":"Instal\u00b7lacions"},"content":{"rendered":"\n<p><\/p>\n\n\n\n<h2 class=\"wp-block-heading\"><span class=\"has-inline-color has-very-light-gray-color\">Instal.lacions:<\/span><\/h2>\n\n\n\n<p>L\u2019hotel disposa dels seg\u00fcents serveis:<\/p>\n\n\n\n<p><\/p>\n\n\n\n<ul class=\"wp-block-list\"><li>Bar<\/li><li>Restaurant amb cuina      tradicional catalana i de mercat<\/li><li>Jard\u00ed i piscina per adults i      nens<\/li><li>Parc infantil i juvenil,      ping-pong,b\u00e0squet<\/li><li>Wi-Fi gratu\u00efta<\/li><li>Sala de jocs de taula<\/li><li>Sal\u00f3 de TV, lectura i jocs de      taula<\/li><li>Ascensor<\/li><li>Guarda equipatges<\/li><li>Parquing p\u00fablic i gratu\u00eft      davant de l\u2019hotel<\/li><li>Garatge gratu\u00eft per a motos i      bicicletes (pr\u00e8via reserva)<\/li><li>Salons privats \u00a0(des de      petites celebracions fins a 220 persones)<\/li><li>Bicicletes de lloguer per als clients allotjats en els nostres hotel<\/li><li>Picnic per emportar<\/li><li>Tot pels nens\u00a0: preparem triturats , guardem i escalfem menjar per a bebes, disposem de trones, banyeres i brassols, etc.<\/li><\/ul>\n\n\n\n<p><\/p>\n\n\n\n<p><\/p>\n\n\n<h1><strong><span style=\"color: #ffffff;\">Jard\u00ed<span style=\"color: #000000;\">&nbsp;<\/span><\/span><\/strong><\/h1>\n<div class=\"all-columns\">\n<div class=\"one-half first\">&nbsp;<\/div>\n<\/div>\nngg_shortcode_0_placeholder\n<p>&nbsp;<\/p>\n<h1>&nbsp;<\/h1>\n<h1><span style=\"color: #ffffff;\">Bar i salons<\/span><\/h1>\nngg_shortcode_1_placeholder\n<p>&nbsp;<\/p>\n<h1>&nbsp;<\/h1>\n<h1><span style=\"color: #ffffff;\"><strong>Zona infantil<\/strong><\/span><\/h1>\nngg_shortcode_2_placeholder\n<p>&nbsp;<\/p>\n<h1>&nbsp;<\/h1>\n<h1><strong><span style=\"color: #ffffff;\">Restaurant<\/span><\/strong><\/h1>\nngg_shortcode_3_placeholder\n\n\n<p><\/p>\n","protected":false},"excerpt":{"rendered":"<p>Instal.lacions: L\u2019hotel disposa dels seg\u00fcents serveis: Bar Restaurant amb cuina tradicional catalana i de mercat Jard\u00ed i piscina per adults i nens Parc infantil i juvenil, ping-pong,b\u00e0squet Wi-Fi gratu\u00efta Sala de jocs de taula Sal\u00f3 de TV, lectura i jocs de taula Ascensor Guarda equipatges Parquing p\u00fablic i gratu\u00eft davant de l\u2019hotel Garatge gratu\u00eft per [&hellip;]<\/p>\n","protected":false},"author":1,"featured_media":0,"parent":0,"menu_order":0,"comment_status":"open","ping_status":"open","template":"page-templates\/shortcodes.php","meta":{"ngg_post_thumbnail":0,"footnotes":""},"class_list":["post-2814","page","type-page","status-publish","hentry"],"yoast_head":"<!-- This site is optimized with the Yoast SEO plugin v24.5 - https:\/\/yoast.com\/wordpress\/plugins\/seo\/ -->\n<title>Instal\u00b7lacions - Hotel Catalunya Park<\/title>\n<meta name=\"robots\" content=\"index, follow, max-snippet:-1, max-image-preview:large, max-video-preview:-1\" \/>\n<link rel=\"canonical\" href=\"https:\/\/catalunyaparkhotels.com\/HCP\/instal\u00b7lacions\/\" \/>\n<meta property=\"og:locale\" content=\"es_ES\" \/>\n<meta property=\"og:type\" content=\"article\" \/>\n<meta property=\"og:title\" content=\"Instal\u00b7lacions - Hotel Catalunya Park\" \/>\n<meta property=\"og:description\" content=\"Instal.lacions: L\u2019hotel disposa dels seg\u00fcents serveis: Bar Restaurant amb cuina tradicional catalana i de mercat Jard\u00ed i piscina per adults i nens Parc infantil i juvenil, ping-pong,b\u00e0squet Wi-Fi gratu\u00efta Sala de jocs de taula Sal\u00f3 de TV, lectura i jocs de taula Ascensor Guarda equipatges Parquing p\u00fablic i gratu\u00eft davant de l\u2019hotel Garatge gratu\u00eft per [&hellip;]\" \/>\n<meta property=\"og:url\" content=\"https:\/\/catalunyaparkhotels.com\/HCP\/instal\u00b7lacions\/\" \/>\n<meta property=\"og:site_name\" content=\"Hotel Catalunya Park\" \/>\n<meta property=\"article:modified_time\" content=\"2020-04-25T09:26:56+00:00\" \/>\n<meta name=\"twitter:label1\" content=\"Tiempo de lectura\" \/>\n\t<meta name=\"twitter:data1\" content=\"1 minuto\" \/>\n<script type=\"application\/ld+json\" class=\"yoast-schema-graph\">{\"@context\":\"https:\/\/schema.org\",\"@graph\":[{\"@type\":\"WebPage\",\"@id\":\"https:\/\/catalunyaparkhotels.com\/HCP\/instal%c2%b7lacions\/\",\"url\":\"https:\/\/catalunyaparkhotels.com\/HCP\/instal%c2%b7lacions\/\",\"name\":\"Instal\u00b7lacions - Hotel Catalunya Park\",\"isPartOf\":{\"@id\":\"https:\/\/catalunyaparkhotels.com\/HCP\/#website\"},\"datePublished\":\"2014-11-28T15:32:47+00:00\",\"dateModified\":\"2020-04-25T09:26:56+00:00\",\"breadcrumb\":{\"@id\":\"https:\/\/catalunyaparkhotels.com\/HCP\/instal%c2%b7lacions\/#breadcrumb\"},\"inLanguage\":\"es\",\"potentialAction\":[{\"@type\":\"ReadAction\",\"target\":[\"https:\/\/catalunyaparkhotels.com\/HCP\/instal%c2%b7lacions\/\"]}]},{\"@type\":\"BreadcrumbList\",\"@id\":\"https:\/\/catalunyaparkhotels.com\/HCP\/instal%c2%b7lacions\/#breadcrumb\",\"itemListElement\":[{\"@type\":\"ListItem\",\"position\":1,\"name\":\"Portada\",\"item\":\"https:\/\/catalunyaparkhotels.com\/HCP\/\"},{\"@type\":\"ListItem\",\"position\":2,\"name\":\"Instal\u00b7lacions\"}]},{\"@type\":\"WebSite\",\"@id\":\"https:\/\/catalunyaparkhotels.com\/HCP\/#website\",\"url\":\"https:\/\/catalunyaparkhotels.com\/HCP\/\",\"name\":\"Hotel Catalunya Park\",\"description\":\"Catalunya Park Hotels \u00b7 Hotels de Turisme familiar \u00b7 Vacances a la Vall de Ribes \u00b7 Excursions a Vall de N\u00faria. llocs web\",\"potentialAction\":[{\"@type\":\"SearchAction\",\"target\":{\"@type\":\"EntryPoint\",\"urlTemplate\":\"https:\/\/catalunyaparkhotels.com\/HCP\/?s={search_term_string}\"},\"query-input\":{\"@type\":\"PropertyValueSpecification\",\"valueRequired\":true,\"valueName\":\"search_term_string\"}}],\"inLanguage\":\"es\"}]}<\/script>\n<!-- \/ Yoast SEO plugin. -->","yoast_head_json":{"title":"Instal\u00b7lacions - Hotel Catalunya Park","robots":{"index":"index","follow":"follow","max-snippet":"max-snippet:-1","max-image-preview":"max-image-preview:large","max-video-preview":"max-video-preview:-1"},"canonical":"https:\/\/catalunyaparkhotels.com\/HCP\/instal\u00b7lacions\/","og_locale":"es_ES","og_type":"article","og_title":"Instal\u00b7lacions - Hotel Catalunya Park","og_description":"Instal.lacions: L\u2019hotel disposa dels seg\u00fcents serveis: Bar Restaurant amb cuina tradicional catalana i de mercat Jard\u00ed i piscina per adults i nens Parc infantil i juvenil, ping-pong,b\u00e0squet Wi-Fi gratu\u00efta Sala de jocs de taula Sal\u00f3 de TV, lectura i jocs de taula Ascensor Guarda equipatges Parquing p\u00fablic i gratu\u00eft davant de l\u2019hotel Garatge gratu\u00eft per [&hellip;]","og_url":"https:\/\/catalunyaparkhotels.com\/HCP\/instal\u00b7lacions\/","og_site_name":"Hotel Catalunya Park","article_modified_time":"2020-04-25T09:26:56+00:00","twitter_misc":{"Tiempo de lectura":"1 minuto"},"schema":{"@context":"https:\/\/schema.org","@graph":[{"@type":"WebPage","@id":"https:\/\/catalunyaparkhotels.com\/HCP\/instal%c2%b7lacions\/","url":"https:\/\/catalunyaparkhotels.com\/HCP\/instal%c2%b7lacions\/","name":"Instal\u00b7lacions - Hotel Catalunya Park","isPartOf":{"@id":"https:\/\/catalunyaparkhotels.com\/HCP\/#website"},"datePublished":"2014-11-28T15:32:47+00:00","dateModified":"2020-04-25T09:26:56+00:00","breadcrumb":{"@id":"https:\/\/catalunyaparkhotels.com\/HCP\/instal%c2%b7lacions\/#breadcrumb"},"inLanguage":"es","potentialAction":[{"@type":"ReadAction","target":["https:\/\/catalunyaparkhotels.com\/HCP\/instal%c2%b7lacions\/"]}]},{"@type":"BreadcrumbList","@id":"https:\/\/catalunyaparkhotels.com\/HCP\/instal%c2%b7lacions\/#breadcrumb","itemListElement":[{"@type":"ListItem","position":1,"name":"Portada","item":"https:\/\/catalunyaparkhotels.com\/HCP\/"},{"@type":"ListItem","position":2,"name":"Instal\u00b7lacions"}]},{"@type":"WebSite","@id":"https:\/\/catalunyaparkhotels.com\/HCP\/#website","url":"https:\/\/catalunyaparkhotels.com\/HCP\/","name":"Hotel Catalunya Park","description":"Catalunya Park Hotels \u00b7 Hotels de Turisme familiar \u00b7 Vacances a la Vall de Ribes \u00b7 Excursions a Vall de N\u00faria. llocs web","potentialAction":[{"@type":"SearchAction","target":{"@type":"EntryPoint","urlTemplate":"https:\/\/catalunyaparkhotels.com\/HCP\/?s={search_term_string}"},"query-input":{"@type":"PropertyValueSpecification","valueRequired":true,"valueName":"search_term_string"}}],"inLanguage":"es"}]}},"_links":{"self":[{"href":"https:\/\/catalunyaparkhotels.com\/HCP\/wp-json\/wp\/v2\/pages\/2814","targetHints":{"allow":["GET"]}}],"collection":[{"href":"https:\/\/catalunyaparkhotels.com\/HCP\/wp-json\/wp\/v2\/pages"}],"about":[{"href":"https:\/\/catalunyaparkhotels.com\/HCP\/wp-json\/wp\/v2\/types\/page"}],"author":[{"embeddable":true,"href":"https:\/\/catalunyaparkhotels.com\/HCP\/wp-json\/wp\/v2\/users\/1"}],"replies":[{"embeddable":true,"href":"https:\/\/catalunyaparkhotels.com\/HCP\/wp-json\/wp\/v2\/comments?post=2814"}],"version-history":[{"count":26,"href":"https:\/\/catalunyaparkhotels.com\/HCP\/wp-json\/wp\/v2\/pages\/2814\/revisions"}],"predecessor-version":[{"id":3754,"href":"https:\/\/catalunyaparkhotels.com\/HCP\/wp-json\/wp\/v2\/pages\/2814\/revisions\/3754"}],"wp:attachment":[{"href":"https:\/\/catalunyaparkhotels.com\/HCP\/wp-json\/wp\/v2\/media?parent=2814"}],"curies":[{"name":"wp","href":"https:\/\/api.w.org\/{rel}","templated":true}]}}