{"id":4161,"date":"2023-04-11T08:42:30","date_gmt":"2023-04-11T08:42:30","guid":{"rendered":"https:\/\/catalunyaparkhotels.com\/HCP\/?page_id=4161"},"modified":"2024-04-05T07:34:35","modified_gmt":"2024-04-05T07:34:35","slug":"confort-i-familiaritat","status":"publish","type":"page","link":"https:\/\/catalunyaparkhotels.com\/HCP\/confort-i-familiaritat\/","title":{"rendered":"Confort i familiaritat 2"},"content":{"rendered":"\t\t<div data-elementor-type=\"wp-page\" data-elementor-id=\"4161\" class=\"elementor elementor-4161\">\n\t\t\t\t\t\t<section class=\"elementor-section elementor-top-section elementor-element elementor-element-7e04d27c elementor-section-stretched elementor-section-boxed elementor-section-height-default elementor-section-height-default\" data-id=\"7e04d27c\" data-element_type=\"section\" data-settings=\"{&quot;stretch_section&quot;:&quot;section-stretched&quot;,&quot;background_background&quot;:&quot;classic&quot;}\">\n\t\t\t\t\t\t\t<div class=\"elementor-background-overlay\"><\/div>\n\t\t\t\t\t\t\t<div class=\"elementor-container elementor-column-gap-default\">\n\t\t\t\t\t<div class=\"elementor-column elementor-col-100 elementor-top-column elementor-element elementor-element-f5faede\" data-id=\"f5faede\" data-element_type=\"column\">\n\t\t\t<div class=\"elementor-widget-wrap elementor-element-populated\">\n\t\t\t\t\t\t<div class=\"elementor-element elementor-element-54b1018 elementor-widget elementor-widget-heading\" data-id=\"54b1018\" data-element_type=\"widget\" data-widget_type=\"heading.default\">\n\t\t\t\t<div class=\"elementor-widget-container\">\n\t\t\t\t\t<h1 class=\"elementor-heading-title elementor-size-default\"><span style=\"font-weight: normal\">Comfort i Familiaritat<\/span><\/h1>\t\t\t\t<\/div>\n\t\t\t\t<\/div>\n\t\t\t\t\t<\/div>\n\t\t<\/div>\n\t\t\t\t\t<\/div>\n\t\t<\/section>\n\t\t\t\t<section class=\"elementor-section elementor-top-section elementor-element elementor-element-1062162a elementor-section-stretched elementor-section-full_width elementor-section-height-default elementor-section-height-default\" data-id=\"1062162a\" data-element_type=\"section\" data-settings=\"{&quot;stretch_section&quot;:&quot;section-stretched&quot;,&quot;background_background&quot;:&quot;classic&quot;}\">\n\t\t\t\t\t\t\t<div class=\"elementor-background-overlay\"><\/div>\n\t\t\t\t\t\t\t<div class=\"elementor-container elementor-column-gap-default\">\n\t\t\t\t\t<div class=\"elementor-column elementor-col-100 elementor-top-column elementor-element elementor-element-380671dd\" data-id=\"380671dd\" data-element_type=\"column\">\n\t\t\t<div class=\"elementor-widget-wrap elementor-element-populated\">\n\t\t\t\t\t\t<div class=\"elementor-element elementor-element-7dbaf839 elementor-widget elementor-widget-text-editor\" data-id=\"7dbaf839\" data-element_type=\"widget\" data-widget_type=\"text-editor.default\">\n\t\t\t\t<div class=\"elementor-widget-container\">\n\t\t\t\t\t\t\t\t\t<p style=\"text-align: center;\"><span style=\"color: rgb(0, 0, 0);\">El tracte c\u00e0lid i amable del nostre equip de professionals&nbsp;<\/span><span style=\"color: rgb(0, 0, 0);\">i l&#8217;atenci\u00f3 al viatger fan del nostre hotel un lloc encisador&nbsp;<\/span><span style=\"color: rgb(0, 0, 0);\">per gaudir d&#8217;un cap de setmana d&#8217;esport i muntanya.<\/span><\/p>\t\t\t\t\t\t\t\t<\/div>\n\t\t\t\t<\/div>\n\t\t\t\t\t<\/div>\n\t\t<\/div>\n\t\t\t\t\t<\/div>\n\t\t<\/section>\n\t\t\t\t<section class=\"elementor-section elementor-top-section elementor-element elementor-element-3879b476 elementor-section-full_width elementor-section-stretched elementor-section-height-default elementor-section-height-default\" data-id=\"3879b476\" data-element_type=\"section\" data-settings=\"{&quot;stretch_section&quot;:&quot;section-stretched&quot;}\">\n\t\t\t\t\t\t<div class=\"elementor-container elementor-column-gap-no\">\n\t\t\t\t\t<div class=\"elementor-column elementor-col-50 elementor-top-column elementor-element elementor-element-7c7ba161\" data-id=\"7c7ba161\" data-element_type=\"column\" data-settings=\"{&quot;background_background&quot;:&quot;classic&quot;}\">\n\t\t\t<div class=\"elementor-widget-wrap elementor-element-populated\">\n\t\t\t\t\t<div class=\"elementor-background-overlay\"><\/div>\n\t\t\t\t\t\t<div class=\"elementor-element elementor-element-50773e15 elementor-widget elementor-widget-spacer\" data-id=\"50773e15\" data-element_type=\"widget\" data-widget_type=\"spacer.default\">\n\t\t\t\t<div class=\"elementor-widget-container\">\n\t\t\t\t\t\t\t<div class=\"elementor-spacer\">\n\t\t\t<div class=\"elementor-spacer-inner\"><\/div>\n\t\t<\/div>\n\t\t\t\t\t\t<\/div>\n\t\t\t\t<\/div>\n\t\t\t\t<div class=\"elementor-element elementor-element-2b17bbaa elementor-widget elementor-widget-text-editor\" data-id=\"2b17bbaa\" data-element_type=\"widget\" data-widget_type=\"text-editor.default\">\n\t\t\t\t<div class=\"elementor-widget-container\">\n\t\t\t\t\t\t\t\t\t<p style=\"text-align: center;\">Situat al centre de Ribes de Freser, molt a prop de l\u2019estaci\u00f3 de RENFE i del tren Cremallera de Vall de N\u00faria, l\u2019hotel Catalunya \u00e9s el resultat de l\u2019esfor\u00e7 i dedicaci\u00f3 de quatre generacions de la mateixa fam\u00edlia. Ens esforcem di\u00e0riament per donar un tracte acollidor i familiar per fer una estada agradable al nostre hotel centenari. L\u2019hotel Catalunya \u00e9s ideal per iniciar les teves excursions a la Vall de Ribes. Tot l\u2019equip ens esforcem cada dia perqu\u00e8 sentis que aquesta \u00e9s la teva casa a Ribes.<\/p>\t\t\t\t\t\t\t\t<\/div>\n\t\t\t\t<\/div>\n\t\t\t\t\t<\/div>\n\t\t<\/div>\n\t\t\t\t<div class=\"elementor-column elementor-col-50 elementor-top-column elementor-element elementor-element-2fdb4583\" data-id=\"2fdb4583\" data-element_type=\"column\">\n\t\t\t<div class=\"elementor-widget-wrap elementor-element-populated\">\n\t\t\t\t\t\t<div class=\"elementor-element elementor-element-362b0050 elementor-widget elementor-widget-image\" data-id=\"362b0050\" data-element_type=\"widget\" data-widget_type=\"image.default\">\n\t\t\t\t<div class=\"elementor-widget-container\">\n\t\t\t\t\t\t\t\t\t\t\t\t\t\t\t<img fetchpriority=\"high\" decoding=\"async\" width=\"1024\" height=\"680\" src=\"https:\/\/catalunyaparkhotels.com\/HCP\/wp-content\/uploads\/2023\/04\/ezgif.com-webp-to-jpg-1024x680.jpg\" class=\"attachment-large size-large wp-image-4063\" alt=\"Vistas al pueblo desde la monta\u00f1a\" srcset=\"https:\/\/catalunyaparkhotels.com\/HCP\/wp-content\/uploads\/2023\/04\/ezgif.com-webp-to-jpg-1024x680.jpg 1024w, https:\/\/catalunyaparkhotels.com\/HCP\/wp-content\/uploads\/2023\/04\/ezgif.com-webp-to-jpg-300x199.jpg 300w, https:\/\/catalunyaparkhotels.com\/HCP\/wp-content\/uploads\/2023\/04\/ezgif.com-webp-to-jpg-768x510.jpg 768w, https:\/\/catalunyaparkhotels.com\/HCP\/wp-content\/uploads\/2023\/04\/ezgif.com-webp-to-jpg-290x193.jpg 290w, https:\/\/catalunyaparkhotels.com\/HCP\/wp-content\/uploads\/2023\/04\/ezgif.com-webp-to-jpg-216x143.jpg 216w, https:\/\/catalunyaparkhotels.com\/HCP\/wp-content\/uploads\/2023\/04\/ezgif.com-webp-to-jpg.jpg 1280w\" sizes=\"(max-width: 1024px) 100vw, 1024px\" \/>\t\t\t\t\t\t\t\t\t\t\t\t\t\t\t<\/div>\n\t\t\t\t<\/div>\n\t\t\t\t\t<\/div>\n\t\t<\/div>\n\t\t\t\t\t<\/div>\n\t\t<\/section>\n\t\t\t\t<section class=\"elementor-section elementor-top-section elementor-element elementor-element-5b07444e elementor-section-stretched elementor-section-boxed elementor-section-height-default elementor-section-height-default\" data-id=\"5b07444e\" data-element_type=\"section\" data-settings=\"{&quot;stretch_section&quot;:&quot;section-stretched&quot;,&quot;background_background&quot;:&quot;classic&quot;}\">\n\t\t\t\t\t\t\t<div class=\"elementor-background-overlay\"><\/div>\n\t\t\t\t\t\t\t<div class=\"elementor-container elementor-column-gap-wider\">\n\t\t\t\t\t<div class=\"elementor-column elementor-col-50 elementor-top-column elementor-element elementor-element-28a74e0b\" data-id=\"28a74e0b\" data-element_type=\"column\">\n\t\t\t<div class=\"elementor-widget-wrap elementor-element-populated\">\n\t\t\t\t\t\t<div class=\"elementor-element elementor-element-209a8495 elementor-widget elementor-widget-image\" data-id=\"209a8495\" data-element_type=\"widget\" data-widget_type=\"image.default\">\n\t\t\t\t<div class=\"elementor-widget-container\">\n\t\t\t\t\t\t\t\t\t\t\t\t\t\t\t<img decoding=\"async\" width=\"2048\" height=\"1365\" data-src=\"https:\/\/catalunyaparkhotels.com\/HCP\/wp-content\/uploads\/2023\/04\/IMG_5815-1.jpg\" class=\"attachment-full size-full wp-image-4064 lazyload\" alt=\"Poster de bienvenida al hotel con diferentes fotos\" data-srcset=\"https:\/\/catalunyaparkhotels.com\/HCP\/wp-content\/uploads\/2023\/04\/IMG_5815-1.jpg 2048w, https:\/\/catalunyaparkhotels.com\/HCP\/wp-content\/uploads\/2023\/04\/IMG_5815-1-300x200.jpg 300w, https:\/\/catalunyaparkhotels.com\/HCP\/wp-content\/uploads\/2023\/04\/IMG_5815-1-1024x683.jpg 1024w, https:\/\/catalunyaparkhotels.com\/HCP\/wp-content\/uploads\/2023\/04\/IMG_5815-1-768x512.jpg 768w, https:\/\/catalunyaparkhotels.com\/HCP\/wp-content\/uploads\/2023\/04\/IMG_5815-1-1536x1024.jpg 1536w, https:\/\/catalunyaparkhotels.com\/HCP\/wp-content\/uploads\/2023\/04\/IMG_5815-1-290x193.jpg 290w, https:\/\/catalunyaparkhotels.com\/HCP\/wp-content\/uploads\/2023\/04\/IMG_5815-1-216x143.jpg 216w\" data-sizes=\"(max-width: 2048px) 100vw, 2048px\" src=\"data:image\/gif;base64,R0lGODlhAQABAAAAACH5BAEKAAEALAAAAAABAAEAAAICTAEAOw==\" style=\"--smush-placeholder-width: 2048px; --smush-placeholder-aspect-ratio: 2048\/1365;\" \/>\t\t\t\t\t\t\t\t\t\t\t\t\t\t\t<\/div>\n\t\t\t\t<\/div>\n\t\t\t\t<div class=\"elementor-element elementor-element-40dfbf9 elementor-widget elementor-widget-heading\" data-id=\"40dfbf9\" data-element_type=\"widget\" data-widget_type=\"heading.default\">\n\t\t\t\t<div class=\"elementor-widget-container\">\n\t\t\t\t\t<h2 class=\"elementor-heading-title elementor-size-default\">Tradici\u00f3<\/h2>\t\t\t\t<\/div>\n\t\t\t\t<\/div>\n\t\t\t\t<div class=\"elementor-element elementor-element-483a25e4 elementor-widget elementor-widget-text-editor\" data-id=\"483a25e4\" data-element_type=\"widget\" data-widget_type=\"text-editor.default\">\n\t\t\t\t<div class=\"elementor-widget-container\">\n\t\t\t\t\t\t\t\t\t<p style=\"text-align: center;\"><span style=\"color: #000000;\">Mantenim l\u2019encant i l\u2019experi\u00e8ncia de la nostra tradici\u00f3 centen\u00e0ria i hem aconseguit que els nostres clients reconeguin la nostra feina amb la seva confian\u00e7a.<\/span><\/p>\t\t\t\t\t\t\t\t<\/div>\n\t\t\t\t<\/div>\n\t\t\t\t\t<\/div>\n\t\t<\/div>\n\t\t\t\t<div class=\"elementor-column elementor-col-50 elementor-top-column elementor-element elementor-element-4496ca10\" data-id=\"4496ca10\" data-element_type=\"column\">\n\t\t\t<div class=\"elementor-widget-wrap elementor-element-populated\">\n\t\t\t\t\t\t<div class=\"elementor-element elementor-element-7e380461 elementor-widget elementor-widget-image\" data-id=\"7e380461\" data-element_type=\"widget\" data-widget_type=\"image.default\">\n\t\t\t\t<div class=\"elementor-widget-container\">\n\t\t\t\t\t\t\t\t\t\t\t\t\t\t\t<img decoding=\"async\" width=\"1024\" height=\"683\" data-src=\"https:\/\/catalunyaparkhotels.com\/HCP\/wp-content\/uploads\/2023\/04\/IMG_5683-1-1024x683.jpg\" class=\"attachment-large size-large wp-image-4065 lazyload\" alt=\"Restaurante del hotel\" data-srcset=\"https:\/\/catalunyaparkhotels.com\/HCP\/wp-content\/uploads\/2023\/04\/IMG_5683-1-1024x683.jpg 1024w, https:\/\/catalunyaparkhotels.com\/HCP\/wp-content\/uploads\/2023\/04\/IMG_5683-1-300x200.jpg 300w, https:\/\/catalunyaparkhotels.com\/HCP\/wp-content\/uploads\/2023\/04\/IMG_5683-1-768x512.jpg 768w, https:\/\/catalunyaparkhotels.com\/HCP\/wp-content\/uploads\/2023\/04\/IMG_5683-1-1536x1024.jpg 1536w, https:\/\/catalunyaparkhotels.com\/HCP\/wp-content\/uploads\/2023\/04\/IMG_5683-1-290x193.jpg 290w, https:\/\/catalunyaparkhotels.com\/HCP\/wp-content\/uploads\/2023\/04\/IMG_5683-1-216x143.jpg 216w, https:\/\/catalunyaparkhotels.com\/HCP\/wp-content\/uploads\/2023\/04\/IMG_5683-1.jpg 2048w\" data-sizes=\"(max-width: 1024px) 100vw, 1024px\" src=\"data:image\/gif;base64,R0lGODlhAQABAAAAACH5BAEKAAEALAAAAAABAAEAAAICTAEAOw==\" style=\"--smush-placeholder-width: 1024px; --smush-placeholder-aspect-ratio: 1024\/683;\" \/>\t\t\t\t\t\t\t\t\t\t\t\t\t\t\t<\/div>\n\t\t\t\t<\/div>\n\t\t\t\t<div class=\"elementor-element elementor-element-3ed49540 elementor-widget elementor-widget-heading\" data-id=\"3ed49540\" data-element_type=\"widget\" data-widget_type=\"heading.default\">\n\t\t\t\t<div class=\"elementor-widget-container\">\n\t\t\t\t\t<h2 class=\"elementor-heading-title elementor-size-default\">Modernitat<\/h2>\t\t\t\t<\/div>\n\t\t\t\t<\/div>\n\t\t\t\t<div class=\"elementor-element elementor-element-7c530d8b elementor-widget elementor-widget-text-editor\" data-id=\"7c530d8b\" data-element_type=\"widget\" data-widget_type=\"text-editor.default\">\n\t\t\t\t<div class=\"elementor-widget-container\">\n\t\t\t\t\t\t\t\t\t<p style=\"text-align: center;\"><span style=\"color: #000000;\">La quarta generaci\u00f3 de l\u2019Hotel Catalunya som un equip jove i ple d\u2019entusiasme que prioritzem el benestar del nostre client i intentem que la seva estada sigui tan acollidora com sigui possible.<\/span><\/p>\t\t\t\t\t\t\t\t<\/div>\n\t\t\t\t<\/div>\n\t\t\t\t\t<\/div>\n\t\t<\/div>\n\t\t\t\t\t<\/div>\n\t\t<\/section>\n\t\t\t\t<\/div>\n\t\t","protected":false},"excerpt":{"rendered":"<p>Comfort i Familiaritat El tracte c\u00e0lid i amable del nostre equip de professionals&nbsp;i l&#8217;atenci\u00f3 al viatger fan del nostre hotel un lloc encisador&nbsp;per gaudir d&#8217;un cap de setmana d&#8217;esport i muntanya. Situat al centre de Ribes de Freser, molt a prop de l\u2019estaci\u00f3 de RENFE i del tren Cremallera de Vall de N\u00faria, l\u2019hotel Catalunya [&hellip;]<\/p>\n","protected":false},"author":3,"featured_media":0,"parent":0,"menu_order":0,"comment_status":"closed","ping_status":"closed","template":"elementor_header_footer","meta":{"ngg_post_thumbnail":0,"footnotes":""},"class_list":["post-4161","page","type-page","status-publish","hentry"],"yoast_head":"<!-- This site is optimized with the Yoast SEO plugin v24.5 - https:\/\/yoast.com\/wordpress\/plugins\/seo\/ -->\n<title>Confort i familiaritat 2 - Hotel Catalunya Park<\/title>\n<meta name=\"robots\" content=\"index, follow, max-snippet:-1, max-image-preview:large, max-video-preview:-1\" \/>\n<link rel=\"canonical\" href=\"https:\/\/catalunyaparkhotels.com\/HCP\/confort-i-familiaritat\/\" \/>\n<meta property=\"og:locale\" content=\"es_ES\" \/>\n<meta property=\"og:type\" content=\"article\" \/>\n<meta property=\"og:title\" content=\"Confort i familiaritat 2 - Hotel Catalunya Park\" \/>\n<meta property=\"og:description\" content=\"Comfort i Familiaritat El tracte c\u00e0lid i amable del nostre equip de professionals&nbsp;i l&#8217;atenci\u00f3 al viatger fan del nostre hotel un lloc encisador&nbsp;per gaudir d&#8217;un cap de setmana d&#8217;esport i muntanya. Situat al centre de Ribes de Freser, molt a prop de l\u2019estaci\u00f3 de RENFE i del tren Cremallera de Vall de N\u00faria, l\u2019hotel Catalunya [&hellip;]\" \/>\n<meta property=\"og:url\" content=\"https:\/\/catalunyaparkhotels.com\/HCP\/confort-i-familiaritat\/\" \/>\n<meta property=\"og:site_name\" content=\"Hotel Catalunya Park\" \/>\n<meta property=\"article:modified_time\" content=\"2024-04-05T07:34:35+00:00\" \/>\n<meta property=\"og:image\" content=\"https:\/\/catalunyaparkhotels.com\/HCP\/wp-content\/uploads\/2023\/04\/ezgif.com-webp-to-jpg-1024x680.jpg\" \/>\n<meta name=\"twitter:label1\" content=\"Tiempo de lectura\" \/>\n\t<meta name=\"twitter:data1\" content=\"2 minutos\" \/>\n<script type=\"application\/ld+json\" class=\"yoast-schema-graph\">{\"@context\":\"https:\/\/schema.org\",\"@graph\":[{\"@type\":\"WebPage\",\"@id\":\"https:\/\/catalunyaparkhotels.com\/HCP\/confort-i-familiaritat\/\",\"url\":\"https:\/\/catalunyaparkhotels.com\/HCP\/confort-i-familiaritat\/\",\"name\":\"Confort i familiaritat 2 - Hotel Catalunya Park\",\"isPartOf\":{\"@id\":\"https:\/\/catalunyaparkhotels.com\/HCP\/#website\"},\"primaryImageOfPage\":{\"@id\":\"https:\/\/catalunyaparkhotels.com\/HCP\/confort-i-familiaritat\/#primaryimage\"},\"image\":{\"@id\":\"https:\/\/catalunyaparkhotels.com\/HCP\/confort-i-familiaritat\/#primaryimage\"},\"thumbnailUrl\":\"https:\/\/catalunyaparkhotels.com\/HCP\/wp-content\/uploads\/2023\/04\/ezgif.com-webp-to-jpg-1024x680.jpg\",\"datePublished\":\"2023-04-11T08:42:30+00:00\",\"dateModified\":\"2024-04-05T07:34:35+00:00\",\"breadcrumb\":{\"@id\":\"https:\/\/catalunyaparkhotels.com\/HCP\/confort-i-familiaritat\/#breadcrumb\"},\"inLanguage\":\"es\",\"potentialAction\":[{\"@type\":\"ReadAction\",\"target\":[\"https:\/\/catalunyaparkhotels.com\/HCP\/confort-i-familiaritat\/\"]}]},{\"@type\":\"ImageObject\",\"inLanguage\":\"es\",\"@id\":\"https:\/\/catalunyaparkhotels.com\/HCP\/confort-i-familiaritat\/#primaryimage\",\"url\":\"https:\/\/catalunyaparkhotels.com\/HCP\/wp-content\/uploads\/2023\/04\/ezgif.com-webp-to-jpg.jpg\",\"contentUrl\":\"https:\/\/catalunyaparkhotels.com\/HCP\/wp-content\/uploads\/2023\/04\/ezgif.com-webp-to-jpg.jpg\",\"width\":1280,\"height\":850,\"caption\":\"Vistas al pueblo desde la monta\u00f1a\"},{\"@type\":\"BreadcrumbList\",\"@id\":\"https:\/\/catalunyaparkhotels.com\/HCP\/confort-i-familiaritat\/#breadcrumb\",\"itemListElement\":[{\"@type\":\"ListItem\",\"position\":1,\"name\":\"Portada\",\"item\":\"https:\/\/catalunyaparkhotels.com\/HCP\/\"},{\"@type\":\"ListItem\",\"position\":2,\"name\":\"Confort i familiaritat 2\"}]},{\"@type\":\"WebSite\",\"@id\":\"https:\/\/catalunyaparkhotels.com\/HCP\/#website\",\"url\":\"https:\/\/catalunyaparkhotels.com\/HCP\/\",\"name\":\"Hotel Catalunya Park\",\"description\":\"Catalunya Park Hotels \u00b7 Hotels de Turisme familiar \u00b7 Vacances a la Vall de Ribes \u00b7 Excursions a Vall de N\u00faria. llocs web\",\"potentialAction\":[{\"@type\":\"SearchAction\",\"target\":{\"@type\":\"EntryPoint\",\"urlTemplate\":\"https:\/\/catalunyaparkhotels.com\/HCP\/?s={search_term_string}\"},\"query-input\":{\"@type\":\"PropertyValueSpecification\",\"valueRequired\":true,\"valueName\":\"search_term_string\"}}],\"inLanguage\":\"es\"}]}<\/script>\n<!-- \/ Yoast SEO plugin. -->","yoast_head_json":{"title":"Confort i familiaritat 2 - Hotel Catalunya Park","robots":{"index":"index","follow":"follow","max-snippet":"max-snippet:-1","max-image-preview":"max-image-preview:large","max-video-preview":"max-video-preview:-1"},"canonical":"https:\/\/catalunyaparkhotels.com\/HCP\/confort-i-familiaritat\/","og_locale":"es_ES","og_type":"article","og_title":"Confort i familiaritat 2 - Hotel Catalunya Park","og_description":"Comfort i Familiaritat El tracte c\u00e0lid i amable del nostre equip de professionals&nbsp;i l&#8217;atenci\u00f3 al viatger fan del nostre hotel un lloc encisador&nbsp;per gaudir d&#8217;un cap de setmana d&#8217;esport i muntanya. Situat al centre de Ribes de Freser, molt a prop de l\u2019estaci\u00f3 de RENFE i del tren Cremallera de Vall de N\u00faria, l\u2019hotel Catalunya [&hellip;]","og_url":"https:\/\/catalunyaparkhotels.com\/HCP\/confort-i-familiaritat\/","og_site_name":"Hotel Catalunya Park","article_modified_time":"2024-04-05T07:34:35+00:00","og_image":[{"url":"https:\/\/catalunyaparkhotels.com\/HCP\/wp-content\/uploads\/2023\/04\/ezgif.com-webp-to-jpg-1024x680.jpg","type":"","width":"","height":""}],"twitter_misc":{"Tiempo de lectura":"2 minutos"},"schema":{"@context":"https:\/\/schema.org","@graph":[{"@type":"WebPage","@id":"https:\/\/catalunyaparkhotels.com\/HCP\/confort-i-familiaritat\/","url":"https:\/\/catalunyaparkhotels.com\/HCP\/confort-i-familiaritat\/","name":"Confort i familiaritat 2 - Hotel Catalunya Park","isPartOf":{"@id":"https:\/\/catalunyaparkhotels.com\/HCP\/#website"},"primaryImageOfPage":{"@id":"https:\/\/catalunyaparkhotels.com\/HCP\/confort-i-familiaritat\/#primaryimage"},"image":{"@id":"https:\/\/catalunyaparkhotels.com\/HCP\/confort-i-familiaritat\/#primaryimage"},"thumbnailUrl":"https:\/\/catalunyaparkhotels.com\/HCP\/wp-content\/uploads\/2023\/04\/ezgif.com-webp-to-jpg-1024x680.jpg","datePublished":"2023-04-11T08:42:30+00:00","dateModified":"2024-04-05T07:34:35+00:00","breadcrumb":{"@id":"https:\/\/catalunyaparkhotels.com\/HCP\/confort-i-familiaritat\/#breadcrumb"},"inLanguage":"es","potentialAction":[{"@type":"ReadAction","target":["https:\/\/catalunyaparkhotels.com\/HCP\/confort-i-familiaritat\/"]}]},{"@type":"ImageObject","inLanguage":"es","@id":"https:\/\/catalunyaparkhotels.com\/HCP\/confort-i-familiaritat\/#primaryimage","url":"https:\/\/catalunyaparkhotels.com\/HCP\/wp-content\/uploads\/2023\/04\/ezgif.com-webp-to-jpg.jpg","contentUrl":"https:\/\/catalunyaparkhotels.com\/HCP\/wp-content\/uploads\/2023\/04\/ezgif.com-webp-to-jpg.jpg","width":1280,"height":850,"caption":"Vistas al pueblo desde la monta\u00f1a"},{"@type":"BreadcrumbList","@id":"https:\/\/catalunyaparkhotels.com\/HCP\/confort-i-familiaritat\/#breadcrumb","itemListElement":[{"@type":"ListItem","position":1,"name":"Portada","item":"https:\/\/catalunyaparkhotels.com\/HCP\/"},{"@type":"ListItem","position":2,"name":"Confort i familiaritat 2"}]},{"@type":"WebSite","@id":"https:\/\/catalunyaparkhotels.com\/HCP\/#website","url":"https:\/\/catalunyaparkhotels.com\/HCP\/","name":"Hotel Catalunya Park","description":"Catalunya Park Hotels \u00b7 Hotels de Turisme familiar \u00b7 Vacances a la Vall de Ribes \u00b7 Excursions a Vall de N\u00faria. llocs web","potentialAction":[{"@type":"SearchAction","target":{"@type":"EntryPoint","urlTemplate":"https:\/\/catalunyaparkhotels.com\/HCP\/?s={search_term_string}"},"query-input":{"@type":"PropertyValueSpecification","valueRequired":true,"valueName":"search_term_string"}}],"inLanguage":"es"}]}},"_links":{"self":[{"href":"https:\/\/catalunyaparkhotels.com\/HCP\/wp-json\/wp\/v2\/pages\/4161","targetHints":{"allow":["GET"]}}],"collection":[{"href":"https:\/\/catalunyaparkhotels.com\/HCP\/wp-json\/wp\/v2\/pages"}],"about":[{"href":"https:\/\/catalunyaparkhotels.com\/HCP\/wp-json\/wp\/v2\/types\/page"}],"author":[{"embeddable":true,"href":"https:\/\/catalunyaparkhotels.com\/HCP\/wp-json\/wp\/v2\/users\/3"}],"replies":[{"embeddable":true,"href":"https:\/\/catalunyaparkhotels.com\/HCP\/wp-json\/wp\/v2\/comments?post=4161"}],"version-history":[{"count":42,"href":"https:\/\/catalunyaparkhotels.com\/HCP\/wp-json\/wp\/v2\/pages\/4161\/revisions"}],"predecessor-version":[{"id":4556,"href":"https:\/\/catalunyaparkhotels.com\/HCP\/wp-json\/wp\/v2\/pages\/4161\/revisions\/4556"}],"wp:attachment":[{"href":"https:\/\/catalunyaparkhotels.com\/HCP\/wp-json\/wp\/v2\/media?parent=4161"}],"curies":[{"name":"wp","href":"https:\/\/api.w.org\/{rel}","templated":true}]}}